[INFO] fetching crate sibyl 0.6.16...
[INFO] checking sibyl-0.6.16 against master#9610dfe5a9a731ced1ea4923ecbd0c57fe367898 for beta-170-4
[INFO] extracting crate sibyl 0.6.16 into /workspace/builds/worker-0-tc1/source
[INFO] validating manifest of crates.io crate sibyl 0.6.16 on toolchain 9610dfe5a9a731ced1ea4923ecbd0c57fe367898
[INFO] running `Command { std: CARGO_HOME="/workspace/cargo-home" RUSTUP_HOME="/workspace/rustup-home" "/workspace/cargo-home/bin/cargo" "+9610dfe5a9a731ced1ea4923ecbd0c57fe367898" "metadata" "--manifest-path" "Cargo.toml" "--no-deps", kill_on_drop: false }`
[INFO] started tweaking crates.io crate sibyl 0.6.16
[INFO] finished tweaking crates.io crate sibyl 0.6.16
[INFO] tweaked toml for crates.io crate sibyl 0.6.16 written to /workspace/builds/worker-0-tc1/source/Cargo.toml
[INFO] crate crates.io crate sibyl 0.6.16 already has a lockfile, it will not be regenerated
[INFO] running `Command { std: CARGO_HOME="/workspace/cargo-home" RUSTUP_HOME="/workspace/rustup-home" "/workspace/cargo-home/bin/cargo" "+9610dfe5a9a731ced1ea4923ecbd0c57fe367898" "fetch" "--manifest-path" "Cargo.toml", kill_on_drop: false }`
[INFO] [stderr]     Updating crates.io index
[INFO] [stderr]  Downloading crates ...
[INFO] [stderr]   Downloaded async-once-cell v0.4.2
[INFO] running `Command { std: "docker" "create" "-v" "/var/lib/crater-agent-workspace/builds/worker-0-tc1/target:/opt/rustwide/target:rw,Z" "-v" "/var/lib/crater-agent-workspace/builds/worker-0-tc1/source:/opt/rustwide/workdir:ro,Z" "-v" "/var/lib/crater-agent-workspace/cargo-home:/opt/rustwide/cargo-home:ro,Z" "-v" "/var/lib/crater-agent-workspace/rustup-home:/opt/rustwide/rustup-home:ro,Z" "-e" "SOURCE_DIR=/opt/rustwide/workdir" "-e" "CARGO_TARGET_DIR=/opt/rustwide/target" "-e" "CARGO_HOME=/opt/rustwide/cargo-home" "-e" "RUSTUP_HOME=/opt/rustwide/rustup-home" "-w" "/opt/rustwide/workdir" "-m" "1610612736" "--user" "0:0" "--network" "none" "ghcr.io/rust-lang/crates-build-env/linux@sha256:19e73879b68f455e41552ea35293514db52ea292d993f571636dbffedb77a1ee" "/opt/rustwide/cargo-home/bin/cargo" "+9610dfe5a9a731ced1ea4923ecbd0c57fe367898" "metadata" "--no-deps" "--format-version=1", kill_on_drop: false }`
[INFO] [stdout] 09c9923d533b4b946cfc2e3c4573bf546b8d513994e89ff07061069bc77e2698
[INFO] running `Command { std: "docker" "start" "-a" "09c9923d533b4b946cfc2e3c4573bf546b8d513994e89ff07061069bc77e2698", kill_on_drop: false }`
[INFO] running `Command { std: "docker" "inspect" "09c9923d533b4b946cfc2e3c4573bf546b8d513994e89ff07061069bc77e2698", kill_on_drop: false }`
[INFO] running `Command { std: "docker" "rm" "-f" "09c9923d533b4b946cfc2e3c4573bf546b8d513994e89ff07061069bc77e2698", kill_on_drop: false }`
[INFO] [stdout] 09c9923d533b4b946cfc2e3c4573bf546b8d513994e89ff07061069bc77e2698
[INFO] running `Command { std: "docker" "create" "-v" "/var/lib/crater-agent-workspace/builds/worker-0-tc1/target:/opt/rustwide/target:rw,Z" "-v" "/var/lib/crater-agent-workspace/builds/worker-0-tc1/source:/opt/rustwide/workdir:ro,Z" "-v" "/var/lib/crater-agent-workspace/cargo-home:/opt/rustwide/cargo-home:ro,Z" "-v" "/var/lib/crater-agent-workspace/rustup-home:/opt/rustwide/rustup-home:ro,Z" "-e" "SOURCE_DIR=/opt/rustwide/workdir" "-e" "CARGO_TARGET_DIR=/opt/rustwide/target" "-e" "CARGO_INCREMENTAL=0" "-e" "RUST_BACKTRACE=full" "-e" "RUSTFLAGS=--cap-lints=forbid" "-e" "RUSTDOCFLAGS=--cap-lints=forbid" "-e" "CARGO_HOME=/opt/rustwide/cargo-home" "-e" "RUSTUP_HOME=/opt/rustwide/rustup-home" "-w" "/opt/rustwide/workdir" "-m" "1610612736" "--user" "0:0" "--network" "none" "ghcr.io/rust-lang/crates-build-env/linux@sha256:19e73879b68f455e41552ea35293514db52ea292d993f571636dbffedb77a1ee" "/opt/rustwide/cargo-home/bin/cargo" "+9610dfe5a9a731ced1ea4923ecbd0c57fe367898" "check" "--frozen" "--all" "--all-targets" "--message-format=json", kill_on_drop: false }`
[INFO] [stdout] eb84d4e00153613f9e5ea4c32831761e2537dbe76fc6b753e61200995c9db741
[INFO] running `Command { std: "docker" "start" "-a" "eb84d4e00153613f9e5ea4c32831761e2537dbe76fc6b753e61200995c9db741", kill_on_drop: false }`
[INFO] [stderr]    Compiling lock_api v0.4.9
[INFO] [stderr]    Compiling parking_lot_core v0.9.7
[INFO] [stderr]    Compiling tokio v1.25.0
[INFO] [stderr]    Compiling sibyl v0.6.16 (/opt/rustwide/workdir)
[INFO] [stderr]     Checking parking_lot v0.12.1
[INFO] [stdout] error: either 'blocking' or 'nonblocking' feature must be explicitly specified
[INFO] [stdout]    --> src/lib.rs:124:1
[INFO] [stdout]     |
[INFO] [stdout] 124 | compile_error!("either 'blocking' or 'nonblocking' feature must be explicitly specified");
[INFO] [stdout]     | ^^^^^^^^^^^^^^^^^^^^^^^^^^^^^^^^^^^^^^^^^^^^^^^^^^^^^^^^^^^^^^^^^^^^^^^^^^^^^^^^^^^^^^^^^
[INFO] [stdout] 
[INFO] [stdout] 
[INFO] [stdout] warning: unused import: `Ordering`
[INFO] [stdout]   --> src/lob.rs:11:42
[INFO] [stdout]    |
[INFO] [stdout] 11 | use std::sync::{Arc, atomic::{AtomicU32, Ordering}};
[INFO] [stdout]    |                                          ^^^^^^^^
[INFO] [stdout]    |
[INFO] [stdout]    = note: `#[warn(unused_imports)]` on by default
[INFO] [stdout] 
[INFO] [stdout] 
[INFO] [stdout] error[E0046]: not all trait items implemented, missing: `drop`
[INFO] [stdout]   --> src/session.rs:31:1
[INFO] [stdout]    |
[INFO] [stdout] 31 | impl Drop for SvcCtx {
[INFO] [stdout]    | ^^^^^^^^^^^^^^^^^^^^ missing `drop` in implementation
[INFO] [stdout]    |
[INFO] [stdout]    = help: implement the missing item: `fn drop(&mut self) { todo!() }`
[INFO] [stdout] 
[INFO] [stdout] 
[INFO] [stdout] error[E0046]: not all trait items implemented, missing: `drop`
[INFO] [stdout]   --> src/stmt.rs:64:1
[INFO] [stdout]    |
[INFO] [stdout] 64 | impl Drop for Statement<'_> {
[INFO] [stdout]    | ^^^^^^^^^^^^^^^^^^^^^^^^^^^ missing `drop` in implementation
[INFO] [stdout]    |
[INFO] [stdout]    = help: implement the missing item: `fn drop(&mut self) { todo!() }`
[INFO] [stdout] 
[INFO] [stdout] 
[INFO] [stdout] error[E0046]: not all trait items implemented, missing: `drop`
[INFO] [stdout]   --> src/lob.rs:40:1
[INFO] [stdout]    |
[INFO] [stdout] 40 | impl<T> Drop for LobInner<T> where T: DescriptorType<OCIType=OCILobLocator> + 'static {
[INFO] [stdout]    | ^^^^^^^^^^^^^^^^^^^^^^^^^^^^ missing `drop` in implementation
[INFO] [stdout]    |
[INFO] [stdout]    = help: implement the missing item: `fn drop(&mut self) { todo!() }`
[INFO] [stdout] 
[INFO] [stdout] 
[INFO] [stdout] error[E0046]: not all trait items implemented, missing: `fmt`
[INFO] [stdout]    --> src/lob.rs:638:1
[INFO] [stdout]     |
[INFO] [stdout] 638 | impl std::fmt::Debug for LOB<'_,OCICLobLocator> {
[INFO] [stdout]     | ^^^^^^^^^^^^^^^^^^^^^^^^^^^^^^^^^^^^^^^^^^^^^^^ missing `fmt` in implementation
[INFO] [stdout]     |
[INFO] [stdout]     = help: implement the missing item: `fn fmt(&self, _: &mut Formatter<'_>) -> std::result::Result<(), std::fmt::Error> { todo!() }`
[INFO] [stdout] 
[INFO] [stdout] 
[INFO] [stdout] error[E0046]: not all trait items implemented, missing: `fmt`
[INFO] [stdout]    --> src/lob.rs:669:1
[INFO] [stdout]     |
[INFO] [stdout] 669 | impl std::fmt::Debug for LOB<'_,OCIBLobLocator> {
[INFO] [stdout]     | ^^^^^^^^^^^^^^^^^^^^^^^^^^^^^^^^^^^^^^^^^^^^^^^ missing `fmt` in implementation
[INFO] [stdout]     |
[INFO] [stdout]     = help: implement the missing item: `fn fmt(&self, _: &mut Formatter<'_>) -> std::result::Result<(), std::fmt::Error> { todo!() }`
[INFO] [stdout] 
[INFO] [stdout] 
[INFO] [stdout] error[E0046]: not all trait items implemented, missing: `fmt`
[INFO] [stdout]    --> src/lob.rs:700:1
[INFO] [stdout]     |
[INFO] [stdout] 700 | impl std::fmt::Debug for LOB<'_,OCIBFileLocator> {
[INFO] [stdout]     | ^^^^^^^^^^^^^^^^^^^^^^^^^^^^^^^^^^^^^^^^^^^^^^^^ missing `fmt` in implementation
[INFO] [stdout]     |
[INFO] [stdout]     = help: implement the missing item: `fn fmt(&self, _: &mut Formatter<'_>) -> std::result::Result<(), std::fmt::Error> { todo!() }`
[INFO] [stdout] 
[INFO] [stdout] 
[INFO] [stdout] error: either 'blocking' or 'nonblocking' feature must be explicitly specified
[INFO] [stdout]    --> src/lib.rs:124:1
[INFO] [stdout]     |
[INFO] [stdout] 124 | compile_error!("either 'blocking' or 'nonblocking' feature must be explicitly specified");
[INFO] [stdout]     | ^^^^^^^^^^^^^^^^^^^^^^^^^^^^^^^^^^^^^^^^^^^^^^^^^^^^^^^^^^^^^^^^^^^^^^^^^^^^^^^^^^^^^^^^^
[INFO] [stdout] 
[INFO] [stdout] 
[INFO] [stdout] error[E0599]: no function or associated item named `make` found for struct `LOB` in the current scope
[INFO] [stdout]    --> src/stmt/data.rs:254:44
[INFO] [stdout]     |
[INFO] [stdout] 254 |                             Ok( LOB::<$t>::make(loc, row.session()) )
[INFO] [stdout]     |                                            ^^^^ function or associated item not found in `LOB<'_, OCICLobLocator>`
[INFO] [stdout] ...
[INFO] [stdout] 266 | impl_from_lob!{ ColumnBuffer::CLOB  => OCICLobLocator  }
[INFO] [stdout]     | -------------------------------------------------------- in this macro invocation
[INFO] [stdout]     |
[INFO] [stdout]    ::: src/lob.rs:115:1
[INFO] [stdout]     |
[INFO] [stdout] 115 | pub struct LOB<'a,T> where T: DescriptorType<OCIType=OCILobLocator> + 'static
[INFO] [stdout]     | -------------------- function or associated item `make` not found for this struct
[INFO] [stdout]     |
[INFO] [stdout]     = note: this error originates in the macro `impl_from_lob` (in Nightly builds, run with -Z macro-backtrace for more info)
[INFO] [stdout] 
[INFO] [stdout] 
[INFO] [stdout] error[E0599]: no function or associated item named `make` found for struct `LOB` in the current scope
[INFO] [stdout]    --> src/stmt/data.rs:254:44
[INFO] [stdout]     |
[INFO] [stdout] 254 |                             Ok( LOB::<$t>::make(loc, row.session()) )
[INFO] [stdout]     |                                            ^^^^ function or associated item not found in `LOB<'_, OCIBLobLocator>`
[INFO] [stdout] ...
[INFO] [stdout] 267 | impl_from_lob!{ ColumnBuffer::BLOB  => OCIBLobLocator  }
[INFO] [stdout]     | -------------------------------------------------------- in this macro invocation
[INFO] [stdout]     |
[INFO] [stdout]    ::: src/lob.rs:115:1
[INFO] [stdout]     |
[INFO] [stdout] 115 | pub struct LOB<'a,T> where T: DescriptorType<OCIType=OCILobLocator> + 'static
[INFO] [stdout]     | -------------------- function or associated item `make` not found for this struct
[INFO] [stdout]     |
[INFO] [stdout]     = note: this error originates in the macro `impl_from_lob` (in Nightly builds, run with -Z macro-backtrace for more info)
[INFO] [stdout] 
[INFO] [stdout] 
[INFO] [stdout] error[E0599]: no function or associated item named `make` found for struct `LOB` in the current scope
[INFO] [stdout]    --> src/stmt/data.rs:254:44
[INFO] [stdout]     |
[INFO] [stdout] 254 |                             Ok( LOB::<$t>::make(loc, row.session()) )
[INFO] [stdout]     |                                            ^^^^ function or associated item not found in `LOB<'_, OCIBFileLocator>`
[INFO] [stdout] ...
[INFO] [stdout] 268 | impl_from_lob!{ ColumnBuffer::BFile => OCIBFileLocator }
[INFO] [stdout]     | -------------------------------------------------------- in this macro invocation
[INFO] [stdout]     |
[INFO] [stdout]    ::: src/lob.rs:115:1
[INFO] [stdout]     |
[INFO] [stdout] 115 | pub struct LOB<'a,T> where T: DescriptorType<OCIType=OCILobLocator> + 'static
[INFO] [stdout]     | -------------------- function or associated item `make` not found for this struct
[INFO] [stdout]     |
[INFO] [stdout]     = note: this error originates in the macro `impl_from_lob` (in Nightly builds, run with -Z macro-backtrace for more info)
[INFO] [stdout] 
[INFO] [stdout] 
[INFO] [stdout] warning: unused import: `Ordering`
[INFO] [stdout]   --> src/lob.rs:11:42
[INFO] [stdout]    |
[INFO] [stdout] 11 | use std::sync::{Arc, atomic::{AtomicU32, Ordering}};
[INFO] [stdout]    |                                          ^^^^^^^^
[INFO] [stdout]    |
[INFO] [stdout]    = note: `#[warn(unused_imports)]` on by default
[INFO] [stdout] 
[INFO] [stdout] 
[INFO] [stdout] error: aborting due to 10 previous errors; 1 warning emitted
[INFO] [stdout] 
[INFO] [stdout] 
[INFO] [stdout] Some errors have detailed explanations: E0046, E0599.
[INFO] [stdout] 
[INFO] [stdout] For more information about an error, try `rustc --explain E0046`.
[INFO] [stdout] 
[INFO] [stderr] error: could not compile `sibyl` (lib) due to 11 previous errors; 1 warning emitted
[INFO] [stderr] warning: build failed, waiting for other jobs to finish...
[INFO] [stdout] error[E0046]: not all trait items implemented, missing: `drop`
[INFO] [stdout]   --> src/session.rs:31:1
[INFO] [stdout]    |
[INFO] [stdout] 31 | impl Drop for SvcCtx {
[INFO] [stdout]    | ^^^^^^^^^^^^^^^^^^^^ missing `drop` in implementation
[INFO] [stdout]    |
[INFO] [stdout]    = help: implement the missing item: `fn drop(&mut self) { todo!() }`
[INFO] [stdout] 
[INFO] [stdout] 
[INFO] [stdout] error[E0046]: not all trait items implemented, missing: `drop`
[INFO] [stdout]   --> src/stmt.rs:64:1
[INFO] [stdout]    |
[INFO] [stdout] 64 | impl Drop for Statement<'_> {
[INFO] [stdout]    | ^^^^^^^^^^^^^^^^^^^^^^^^^^^ missing `drop` in implementation
[INFO] [stdout]    |
[INFO] [stdout]    = help: implement the missing item: `fn drop(&mut self) { todo!() }`
[INFO] [stdout] 
[INFO] [stdout] 
[INFO] [stdout] error[E0046]: not all trait items implemented, missing: `drop`
[INFO] [stdout]   --> src/lob.rs:40:1
[INFO] [stdout]    |
[INFO] [stdout] 40 | impl<T> Drop for LobInner<T> where T: DescriptorType<OCIType=OCILobLocator> + 'static {
[INFO] [stdout]    | ^^^^^^^^^^^^^^^^^^^^^^^^^^^^ missing `drop` in implementation
[INFO] [stdout]    |
[INFO] [stdout]    = help: implement the missing item: `fn drop(&mut self) { todo!() }`
[INFO] [stdout] 
[INFO] [stdout] 
[INFO] [stdout] error[E0046]: not all trait items implemented, missing: `fmt`
[INFO] [stdout]    --> src/lob.rs:638:1
[INFO] [stdout]     |
[INFO] [stdout] 638 | impl std::fmt::Debug for LOB<'_,OCICLobLocator> {
[INFO] [stdout]     | ^^^^^^^^^^^^^^^^^^^^^^^^^^^^^^^^^^^^^^^^^^^^^^^ missing `fmt` in implementation
[INFO] [stdout]     |
[INFO] [stdout]     = help: implement the missing item: `fn fmt(&self, _: &mut Formatter<'_>) -> std::result::Result<(), std::fmt::Error> { todo!() }`
[INFO] [stdout] 
[INFO] [stdout] 
[INFO] [stdout] error[E0046]: not all trait items implemented, missing: `fmt`
[INFO] [stdout]    --> src/lob.rs:669:1
[INFO] [stdout]     |
[INFO] [stdout] 669 | impl std::fmt::Debug for LOB<'_,OCIBLobLocator> {
[INFO] [stdout]     | ^^^^^^^^^^^^^^^^^^^^^^^^^^^^^^^^^^^^^^^^^^^^^^^ missing `fmt` in implementation
[INFO] [stdout]     |
[INFO] [stdout]     = help: implement the missing item: `fn fmt(&self, _: &mut Formatter<'_>) -> std::result::Result<(), std::fmt::Error> { todo!() }`
[INFO] [stdout] 
[INFO] [stdout] 
[INFO] [stdout] error[E0046]: not all trait items implemented, missing: `fmt`
[INFO] [stdout]    --> src/lob.rs:700:1
[INFO] [stdout]     |
[INFO] [stdout] 700 | impl std::fmt::Debug for LOB<'_,OCIBFileLocator> {
[INFO] [stdout]     | ^^^^^^^^^^^^^^^^^^^^^^^^^^^^^^^^^^^^^^^^^^^^^^^^ missing `fmt` in implementation
[INFO] [stdout]     |
[INFO] [stdout]     = help: implement the missing item: `fn fmt(&self, _: &mut Formatter<'_>) -> std::result::Result<(), std::fmt::Error> { todo!() }`
[INFO] [stdout] 
[INFO] [stdout] 
[INFO] [stdout] error[E0599]: no function or associated item named `make` found for struct `LOB` in the current scope
[INFO] [stdout]    --> src/stmt/data.rs:254:44
[INFO] [stdout]     |
[INFO] [stdout] 254 |                             Ok( LOB::<$t>::make(loc, row.session()) )
[INFO] [stdout]     |                                            ^^^^ function or associated item not found in `LOB<'_, OCICLobLocator>`
[INFO] [stdout] ...
[INFO] [stdout] 266 | impl_from_lob!{ ColumnBuffer::CLOB  => OCICLobLocator  }
[INFO] [stdout]     | -------------------------------------------------------- in this macro invocation
[INFO] [stdout]     |
[INFO] [stdout]    ::: src/lob.rs:115:1
[INFO] [stdout]     |
[INFO] [stdout] 115 | pub struct LOB<'a,T> where T: DescriptorType<OCIType=OCILobLocator> + 'static
[INFO] [stdout]     | -------------------- function or associated item `make` not found for this struct
[INFO] [stdout]     |
[INFO] [stdout]     = note: this error originates in the macro `impl_from_lob` (in Nightly builds, run with -Z macro-backtrace for more info)
[INFO] [stdout] 
[INFO] [stdout] 
[INFO] [stdout] error[E0599]: no function or associated item named `make` found for struct `LOB` in the current scope
[INFO] [stdout]    --> src/stmt/data.rs:254:44
[INFO] [stdout]     |
[INFO] [stdout] 254 |                             Ok( LOB::<$t>::make(loc, row.session()) )
[INFO] [stdout]     |                                            ^^^^ function or associated item not found in `LOB<'_, OCIBLobLocator>`
[INFO] [stdout] ...
[INFO] [stdout] 267 | impl_from_lob!{ ColumnBuffer::BLOB  => OCIBLobLocator  }
[INFO] [stdout]     | -------------------------------------------------------- in this macro invocation
[INFO] [stdout]     |
[INFO] [stdout]    ::: src/lob.rs:115:1
[INFO] [stdout]     |
[INFO] [stdout] 115 | pub struct LOB<'a,T> where T: DescriptorType<OCIType=OCILobLocator> + 'static
[INFO] [stdout]     | -------------------- function or associated item `make` not found for this struct
[INFO] [stdout]     |
[INFO] [stdout]     = note: this error originates in the macro `impl_from_lob` (in Nightly builds, run with -Z macro-backtrace for more info)
[INFO] [stdout] 
[INFO] [stdout] 
[INFO] [stdout] error[E0599]: no function or associated item named `make` found for struct `LOB` in the current scope
[INFO] [stdout]    --> src/stmt/data.rs:254:44
[INFO] [stdout]     |
[INFO] [stdout] 254 |                             Ok( LOB::<$t>::make(loc, row.session()) )
[INFO] [stdout]     |                                            ^^^^ function or associated item not found in `LOB<'_, OCIBFileLocator>`
[INFO] [stdout] ...
[INFO] [stdout] 268 | impl_from_lob!{ ColumnBuffer::BFile => OCIBFileLocator }
[INFO] [stdout]     | -------------------------------------------------------- in this macro invocation
[INFO] [stdout]     |
[INFO] [stdout]    ::: src/lob.rs:115:1
[INFO] [stdout]     |
[INFO] [stdout] 115 | pub struct LOB<'a,T> where T: DescriptorType<OCIType=OCILobLocator> + 'static
[INFO] [stdout]     | -------------------- function or associated item `make` not found for this struct
[INFO] [stdout]     |
[INFO] [stdout]     = note: this error originates in the macro `impl_from_lob` (in Nightly builds, run with -Z macro-backtrace for more info)
[INFO] [stdout] 
[INFO] [stdout] 
[INFO] [stdout] error: aborting due to 10 previous errors; 1 warning emitted
[INFO] [stdout] 
[INFO] [stdout] 
[INFO] [stdout] Some errors have detailed explanations: E0046, E0599.
[INFO] [stdout] 
[INFO] [stdout] For more information about an error, try `rustc --explain E0046`.
[INFO] [stdout] 
[INFO] [stderr] error: could not compile `sibyl` (lib test) due to 11 previous errors; 1 warning emitted
[INFO] running `Command { std: "docker" "inspect" "eb84d4e00153613f9e5ea4c32831761e2537dbe76fc6b753e61200995c9db741", kill_on_drop: false }`
[INFO] running `Command { std: "docker" "rm" "-f" "eb84d4e00153613f9e5ea4c32831761e2537dbe76fc6b753e61200995c9db741", kill_on_drop: false }`
[INFO] [stdout] eb84d4e00153613f9e5ea4c32831761e2537dbe76fc6b753e61200995c9db741
